te the remainder when 878870 is divided by 878844.
26
Calculate the remainder when 31337851 is divided by 10445923.
82
Calculate the remainder when 13182390 is divided by 9934.
9906
Calculate the remainder when 196016 is divided by 13991.
142
What is the remainder when 370382 is divided by 4359?
4226
What is the remainder when 93513785 is divided by 29?
8
What is the remainder when 165867726 is divided by 1454980?
6
Calculate the remainder when 48482330 is divided by 378768.
26
What is the remainder when 45237 is divided by 1391?
725
Calculate the remainder when 13289474 is divided by 33.
11
What is the remainder when 44162 is divided by 18536?
7090
What is the remainder when 6894934 is divided by 20160?
214
Calculate the remainder when 11528538 is divided by 1312.
1306
Calculate the remainder when 432324 is divided by 684.
36
Calculate the remainder when 19509817 is divided by 1303.
1301
Calculate the remainder when 32292 is divided by 265.
227
Calculate the remainder when 332956 is divided by 55487.
34
Calculate the remainder when 71765 is divided by 2050.
15
Calculate the remainder when 10156722 is divided by 18137.
2
What is the remainder when 39551213 is divided by 39551178?
35
Calculate the remainder when 134903 is divided by 1957.
1827
Calculate the remainder when 941915 is divided by 156968.
107
What is the remainder when 290829 is divided by 4679?
731
Calculate the remainder when 395277 is divided by 131687.
216
What is the remainder when 4195619 is divided by 149833?
295
Calculate the remainder when 3139949 is divided by 103.
97
Calculate the remainder when 58673 is divided by 13973.
2781
What is the remainder when 1310326 is divided by 1039?
147
What is the remainder when 349059 is divided by 86627?
2551
What is the remainder when 4661097 is divided by 103579?
42
What is the remainder when 144373 is divided by 989?
968
What is the remainder when 424594 is divided by 1041?
907
Calculate the remainder when 31900908 is divided by 10633634.
6
What is the remainder when 32353 is divided by 32303?
50
What is the remainder when 22570820 is divided by 889?
888
Calculate the remainder when 3020797 is divided by 4462.
23
Calculate the remainder when 1618773 is divided by 6859.
49
What is the remainder when 502602 is divided by 100461?
297
What is the remainder when 40125 is divided by 368?
13
What is the remainder when 7038498 is divided by 502746?
54
What is the remainder when 18221 is divided by 915?
836
Calculate the remainder when 740303491 is divided by 1178.
1171
What is the remainder when 286096 is divided by 71514?
40
What is the remainder when 175253 is divided by 124?
41
Calculate the remainder when 1795696 is divided by 448873.
204
What is the remainder when 4335032 is divided by 1623?
1622
What is the remainder when 491640 is divided by 4485?
2775
What is the remainder when 587545 is divided by 365?
260
Calculate the remainder when 285782 is divided by 23814.
14
What is the remainder when 778868 is divided by 25?
18
Calculate the remainder when 36800 is divided by 12261.
17
What is the remainder when 203068 is divided by 46?
24
What is the remainder when 17841 is divided by 103?
22
Calculate the remainder when 731319 is divided by 547.
527
What is the remainder when 12002176 is divided by 534?
526
Calculate the remainder when 110738705 is divided by 1418.
1413
What is the remainder when 22658501 is divided by 401?
397
What is the remainder when 1900045 is divided by 586?
233
What is the remainder when 26190340 is divided by 13?
7
What is the remainder when 26189 is divided by 429?
20
What is the remainder when 144062 is divided by 14156?
2502
What is the remainder when 1824583 is divided by 98?
19
Calculate the remainder when 19477839 is divided by 395.
389
Calculate the remainder when 916202 is divided by 114.
98
Calculate the remainder when 1089332 is divided by 13.
10
What is the remainder when 1073832 is divided by 29812?
600
Calculate the remainder when 955144 is divided by 12735.
19
Calculate the remainder when 157223873 is divided by 321.
320
What is the remainder when 425121 is divided by 424964?
157
Calculate the remainder when 564641 is divided by 8555.
11
What is the remainder when 35185 is divided by 2447?
927
Calculate the remainder when 65696705 is divided by 847.
844
What is the remainder when 2768437 is divided by 692109?
1
What is the remainder when 205594 is divided by 1277?
1274
What is the remainder when 33699654 is divided by 199?
198
Calculate the remainder when 695554 is divided by 2028.
1978
Calculate the remainder when 683954 is divided by 170974.
58
Calculate the remainder when 3659460 is divided by 1829730.
0
Calculate the remainder when 90408 is divided by 5610.
648
Calculate the remainder when 23363805 is divided by 77.
3
What is the remainder when 801713 is divided by 398723?
4267
What is the remainder when 85718 is divided by 2749?
499
Calculate the remainder when 1120554733 is divided by 865.
863
What is the remainder when 4574877 is divided by 61?
60
What is the remainder when 5781422 is divided by 778?
104
Calculate the remainder when 3660562 is divided by 53.
11
What is the remainder when 7591642 is divided by 690148?
14
Calculate the remainder when 144442 is divided by 59.
10
Calculate the remainder when 46603063 is divided by 15534353.
4
Calculate the remainder when 15607380 is divided by 1543.
1478
What is the remainder when 76235805 is divided by 377?
373
What is the remainder when 170616 is divided by 42617?
148
Calculate the remainder when 3352954 is divided by 68.
10
What is the remainder when 536798 is divided by 4924?
82
Calculate the remainder when 2067 is divided by 1374.
693
What is the remainder when 2000013 is divided by 305?
128
What is the remainder when 321221 is divided by 45886?
19
What is the remainder when 340519679 is divided by 1503?
1502
Calculate the remainder when 7303710 is divided by 561822.
24
Calculate the remainder when 33662461 is divided by 2752.
2749
What is the remainder when 28147612 is divided by 109?
106
Calculate the remainder when 24324499 is divided by 104.
43
What is the remainder when 440205 is divided by 13756?
13
Calculate the remainder when 19605081 is divided by 443.
116
What is the remainder when 463794 is divided by 2108?
34
Calculate the remainder when 4320653 is divided by 507.
506
What is the remainder when 40921510 is divided by 46?
2
Calculate the remainder when 667713 is divided by 17120.
33
Calculate the remainder when 12007261 is divided by 5216.
29
What is the remainder when 68921 is divided by 14?
13
Calculate the remainder when 2141732 is divided by 345.
317
What is the remainder when 550026 is divided by 183302?
120
Calculate the remainder when 648266 is divided by 305.
141
What is the remainder when 2569078 is divided by 14?
8
What is the remainder when 367032 is divided by 28200?
432
Calculate the remainder when 1210736 is divided by 463.
454
Calculate the remainder when 210487 is divided by 367.
196
Calculate the remainder when 1415309 is divided by 198.
5
Calculate the remainder when 1766454 is divided by 1766266.
188
What is the remainder when 387199 is divided by 283?
55
What is the remainder when 4689582 is divided by 64?
46
What is the remainder when 413990463 is divided by 8?
7
What is the remainder when 44162 is divided by 2351?
1844
What is the remainder when 427411 is divided by 388?
223
What is the remainder when 100384 is divided by 100366?
18
What is the remainder when 5325709 is divided by 80?
29
Calculate the remainder when 6051935 is divided by 3094.
71
What is the remainder when 7223 is divided by 7118?
105
Calculate the remainder when 15445252 is divided by 4732.
4
Calculate the remainder when 34518 is divided by 1865.
948
What is the remainder when 326122 is divided by 365?
177
What is the remainder when 25809442 is divided by 8603143?
13
Calculate the remainder when 146302 is divided by 9.
7
Calculate the remainder when 407121 is divided by 148.
121
Calculate the remainder when 12403490 is divided by 8988.
50
What is the remainder when 3739207 is divided by 19680?
7
What is the remainder when 3224286 is divided by 3394?
3380
What is the remainder when 216246202 is divided by 74?
72
Calculate the remainder when